*k = 105. What is the highest common divisor of 21 and k?
21
Let b = 3373 - 3301. Suppose 5*z + p - 35 = -0*z, -4*z + 52 = -4*p. What is the greatest common divisor of b and z?
8
Let t be ((-6)/(-5))/(12/570). Suppose 0 = 5*n - 5 - 0. Let c be ((-1)/n)/(1/(-19)). What is the greatest common factor of t and c?
19
Let l(p) = 10 + 7*p + 0*p - 7*p - p. Let o be l(5). What is the greatest common divisor of 15 and o?
5
Let m be 2/(-6) - 159/9. Let p be (m/(-4))/((-4)/(-120)). Calculate the highest common divisor of 15 and p.
15
Let s = 25 + -25. Let n be s - (4 + -181 + -3). Suppose -3*d + 100 = 2*d + 2*h, -4*d + 80 = 2*h. What is the highest common divisor of d and n?
20
Let d be (-99)/15*(-50)/5. Suppose -d = -3*w - 18. Suppose -u - 2*z + 120 = 0, -3*u + 4*z - 112 = -4*u. What is the highest common divisor of u and w?
16
Suppose -100 = 10*g - 380. Let h = g + -15. Let n = -87 - -126. What is the greatest common factor of n and h?
13
Suppose 2*l + j - 340 = 0, 0 = -l - l + j + 332. What is the highest common factor of 28 and l?
28
Let u be -23 + 22 + 10/(-4)*22. Let f = 52 - u. What is the highest common divisor of 12 and f?
12
Let b be -3*2 + -1 + 20532/236. Calculate the greatest common divisor of 780 and b.
20
Suppose 2*p - 3*h = 622, 11*h = 2*p + 10*h - 618. Calculate the highest common factor of 132 and p.
44
Let a = 33 - 39. Let z(d) = -3*d - 10. Let g be z(a). Suppose x + 7 = g. Calculate the highest common factor of 3 and x.
1
Let i = 27 + -23. Suppose 0 = -o - y + 18, i*o - 82 = -o + 3*y. Suppose -13*x - 232 = -o*x. What is the highest common divisor of x and 87?
29
Suppose 0 = -4*p + 20. Let o(t) = -t**3 + 3*t**2 + 13*t - 2. Let l be o(p). What is the greatest common divisor of l and 104?
13
Suppose -5*l - 1294 = -3*a, -a = -3*l - 697 + 259. What is the greatest common factor of 47 and a?
47
Let w be (-12)/3*4/(-7 - -3). Suppose w*t = 33 + 11. What is the greatest common divisor of 88 and t?
11
Suppose -2*q = 3*q - 5*f, -4*q + 2*f = 10. Let s be (-52)/(-6) + q/(-15). What is the greatest common factor of s and 81?
9
Suppose r + 20 = 4*o + 173, -2*o + 459 = 3*r. Calculate the greatest common divisor of r and 6.
3
Let m(j) = 17*j - 593. Let k be m(35). What is the highest common divisor of k and 18?
2
Let d(n) = -n + 17. Let r be d(8). Let k be -3*33/r*-1. What is the highest common divisor of 99 and k?
11
Suppose -15 - 5 = 5*b. Let g be 8*1/(-2)*b. Let v be 2 + (-3)/((-6)/44). Calculate the greatest common factor of v and g.
8
Let n(q) = q**2 + q - 60. Let s be n(0). Let a = -30 - s. Let o = -94 - -169. What is the greatest common factor of o and a?
15
Let h(w) be the third derivative of -w**4/24 - 5*w**3/6 - 2*w**2. Let t be h(-8). Suppose 68 + 52 = 8*i. What is the greatest common divisor of t and i?
3
Suppose -10 = -2*l - 14. Let f be 98/56 - l/8. Calculate the highest common factor of 3 and f.
1
Suppose o + 11*w - 13*w - 339 = 0, 2*w - 1306 = -4*o. Calculate the greatest common factor of o and 47.
47
Let s(q) = -2 + 2 + 1 + 11*q**3. Let g be s(-1). Let j = g - -14. What is the greatest common divisor of 2 and j?
2
Let n(v) = 2*v**3 + 5*v**2 + v - 2. Let b be n(8). What is the greatest common divisor of 20 and b?
10
Suppose -6*n = 13*n - 2660. Let m = n - 107. What is the greatest common factor of m and 165?
33
Suppose -111 = 4*x - 507. Suppose 4*a - 23 - 53 = 0. Suppose 0 = c + 5*w - 36, -3*c + 47 - a = -w. Calculate the highest common factor of x and c.
11
Let k be (-4)/(-10) - ((-1510)/(-25) - 5). Let z = 67 + k. Calculate the greatest common factor of 4 and z.
4
Let b be (-70)/(-2)*(-20)/25. Let z be (3392/b)/(-4) + 4/(-14). Calculate the greatest common divisor of 6 and z.
6
Suppose -5*i + 150 = -0*i. Suppose 2*x = 0, -2*t + 20 = 3*t - 2*x. Suppose t*d + 0*d = 300. What is the highest common factor of i and d?
15
Suppose 0 = -14*g + 173 + 1703. Let x be 1/(-1)*-3*1. Suppose 0 = -y + 5*p + 215, 4*y - x*p = g + 760. Calculate the highest common divisor of y and 25.
25
Let i = -26 - -29. Suppose 7*d - i*d = 264. What is the highest common divisor of 6 and d?
6
Suppose -14*b + 11*b = -6. Let v be (-1)/b*-6 - -81. What is the greatest common factor of v and 12?
12
Let j(f) = -f**2 + 7*f + 3. Let r be j(7). Suppose 3*i - 150 = -5*b, r*b + 4*i = 147 - 46. What is the highest common factor of b and 9?
9
Let w be (((-8)/6)/(-2))/(11/1287). Let n = w - 71. Calculate the highest common divisor of n and 14.
7
Suppose -21*m + 108 = -12*m. Suppose -4*f - 2*v = -5*v - 48, -5*v = 0. Calculate the highest common factor of m and f.
12
Suppose -z + 44 = 4*l, z = 2*l + 2 - 30. Let m(a) = 105*a - 1042. Let i be m(10). What is the greatest common factor of l and i?
4
Suppose -19*u + 39*u = 500. Calculate the greatest common divisor of 425 and u.
25
Let x = -203 + 255. What is the highest common divisor of x and 65?
13
Let n be (-2)/8 - (-139)/(-4). Let p = n + 41. Calculate the highest common divisor of 12 and p.
6
Suppose 5*n + 2*v - v - 25 = 0, 2*v = -5*n + 30. Suppose 0 = -4*c + n*m + 240, c + m - 168 = -2*c. Calculate the highest common divisor of 19 and c.
19
Suppose -t + 2*t - 26 = 0. Let z be ((-4)/14)/((33/(-1911))/11). What is the highest common divisor of z and t?
26
Suppose 183*b - 9 = 182*b. Calculate the highest common divisor of b and 261.
9
Suppose 4*r - 18 = r. Let g = -45 + 51. Let j(c) = 3*c**3 - 17*c**2 - 3*c + 6. Let o be j(g). What is the highest common divisor of o and r?
6
Suppose 3*w - 7 = -7. Let y(b) = -b - 2. Let j be y(-2). Suppose 3*a + 3*h - 12 = j, w = -4*a + 2*h + 18 + 4. What is the highest common factor of a and 1?
1
Let q be 1*((2 - 0) + -4). Let b be q/(-5) - 931/(-35). Let i be 4/(-18) - (-303)/b. What is the highest common divisor of i and 77?
11
Let k be -3 - ((-3)/(-6) - 1)*14. Let a be 6/(-9)*3/(-2) + k. Let p be 4/(-14) - 951/(-21). Calculate the highest common factor of p and a.
5
Let j = 91 + -64. Suppose -2*v - 132 + 155 = -463. Calculate the highest common divisor of j and v.
27
Suppose 675 + 1489 = 3*w - 4*z, 4*w + z - 2879 = 0. Calculate the highest common divisor of 560 and w.
80
Suppose 2*j + 2*j - 40 = 0. Let y(l) = l**2 - 6*l - 206. Let m be y(18). Calculate the highest common factor of j and m.
10
Suppose -6*o + 4*o + 10 = 0. Suppose -g + 140 = -3*u - 157, o*g = 0. Let m be (-1)/(3 + 298/u). What is the highest common factor of 11 and m?
11
Suppose -7*o - 42 = -9*o. Suppose 0 = 11*m - o*m + 240. Calculate the highest common factor of 96 and m.
24
Let p(j) = 3*j. Let k be p(5). Let q be (306/5)/(27/90). Let c = -99 + q. What is the highest common divisor of c and k?
15
Let k(w) = 2*w**2 - 7*w - 52. Let z be k(-4). Suppose -z = -a + 1. What is the greatest common factor of 18 and a?
9
Let y be -3*191/(-9) - 50/75. What is the greatest common divisor of 105 and y?
21
Suppose 1 = -2*s + 5. Suppose -s = v - 4. Let x be 7 + 1/2*v. What is the highest common divisor of 2 and x?
2
Let b(u) = u**2 - 21*u - 37. Let r be b(-28). What is the highest common factor of 15 and r?
15
Let k = -359 + 603. Calculate the highest common divisor of k and 305.
61
Let z = 199 + 231. Calculate the greatest common divisor of z and 10.
10
Let z = 76 - 40. Let p(s) = 38*s - 130. Let l be p(11). What is the greatest common factor of l and z?
36
Suppose 3*a - 211 = -x + 189, 555 = 4*a - 3*x. Calculate the highest common divisor of 15 and a.
15
Let b(q) = -2*q**2 + 22*q - 13. Let w be b(8). Calculate the highest common factor of 140 and w.
35
Let u(m) = 5*m + 1066. Let q be u(0). Calculate the highest common divisor of 82 and q.
82
Let v(q) = -2*q**3 - 33*q**2 - 19*q - 37. Let i be v(-16). What is the highest common divisor of i and 187?
11
Let r be 90*(8 - (12 - 6)). Calculate the greatest common factor of r and 380.
20
Let b be 1288/32 - (-2)/(-8). Suppose -5*y + b + 10 = 0. What is the greatest common divisor of 90 and y?
10
Suppose -29*f + 897 = -495. Calculate the highest common factor of 120 and f.
24
Let f(q) = q**2 - 2*q + 99. Let i = 14 + -11. Suppose -8*j = -i*j. Let a be f(j). What is the greatest common factor of 9 and a?
9
Let x be 1078/(-44) - (-1)/2. Let z be (4/(-6))/(x/72). Calculate the greatest common divisor of z and 5.
1
Let u be (-28)/(-350) - 1044/(-75). What is the highest common divisor of 175 and u?
7
